[INFO] fetching crate simulate 0.2.0...
[INFO] checking simulate-0.2.0 against try#72f88fc4e9458f89516a0b8b0868f3718aec5b47 for pr-74989
[INFO] extracting crate simulate 0.2.0 into /workspace/builds/worker-6/source
[INFO] validating manifest of crates.io crate simulate 0.2.0 on toolchain 72f88fc4e9458f89516a0b8b0868f3718aec5b47
[INFO] running `Command { std: "/workspace/cargo-home/bin/cargo" "+72f88fc4e9458f89516a0b8b0868f3718aec5b47" "read-manifest" "--manifest-path" "Cargo.toml", kill_on_drop: false }`
[INFO] started tweaking crates.io crate simulate 0.2.0
[INFO] finished tweaking crates.io crate simulate 0.2.0
[INFO] tweaked toml for crates.io crate simulate 0.2.0 written to /workspace/builds/worker-6/source/Cargo.toml
[INFO] running `Command { std: "/workspace/cargo-home/bin/cargo" "+72f88fc4e9458f89516a0b8b0868f3718aec5b47" "generate-lockfile" "--manifest-path" "Cargo.toml" "-Zno-index-update", kill_on_drop: false }`
[INFO] running `Command { std: "/workspace/cargo-home/bin/cargo" "+72f88fc4e9458f89516a0b8b0868f3718aec5b47" "fetch" "--locked" "--manifest-path" "Cargo.toml", kill_on_drop: false }`
[INFO] running `Command { std: "docker" "create" "-v" "/var/lib/crater-agent-workspace/builds/worker-6/target:/opt/rustwide/target:rw,Z" "-v" "/var/lib/crater-agent-workspace/builds/worker-6/source:/opt/rustwide/workdir:ro,Z" "-v" "/var/lib/crater-agent-workspace/cargo-home:/opt/rustwide/cargo-home:ro,Z" "-v" "/var/lib/crater-agent-workspace/rustup-home:/opt/rustwide/rustup-home:ro,Z" "-e" "SOURCE_DIR=/opt/rustwide/workdir" "-e" "CARGO_TARGET_DIR=/opt/rustwide/target" "-e" "CARGO_HOME=/opt/rustwide/cargo-home" "-e" "RUSTUP_HOME=/opt/rustwide/rustup-home" "-w" "/opt/rustwide/workdir" "-m" "1610612736" "--user" "0:0" "--network" "none" "rustops/crates-build-env@sha256:d92eaeed33fa75130ca1ee6c8a01d1ffb62bac859dfdfb3450e3e5d1c0146529" "/opt/rustwide/cargo-home/bin/cargo" "+72f88fc4e9458f89516a0b8b0868f3718aec5b47" "metadata" "--no-deps" "--format-version=1", kill_on_drop: false }`
[INFO] [stdout] 21d522d53f76d9832a05bc85c7437b1947b018db2707c3d9cb82932905d9fc99
[INFO] [stderr] WARNING: Your kernel does not support swap limit capabilities or the cgroup is not mounted. Memory limited without swap.
[INFO] running `Command { std: "docker" "start" "-a" "21d522d53f76d9832a05bc85c7437b1947b018db2707c3d9cb82932905d9fc99", kill_on_drop: false }`
[INFO] running `Command { std: "docker" "inspect" "21d522d53f76d9832a05bc85c7437b1947b018db2707c3d9cb82932905d9fc99", kill_on_drop: false }`
[INFO] running `Command { std: "docker" "rm" "-f" "21d522d53f76d9832a05bc85c7437b1947b018db2707c3d9cb82932905d9fc99", kill_on_drop: false }`
[INFO] [stdout] 21d522d53f76d9832a05bc85c7437b1947b018db2707c3d9cb82932905d9fc99
[INFO] running `Command { std: "docker" "create" "-v" "/var/lib/crater-agent-workspace/builds/worker-6/target:/opt/rustwide/target:rw,Z" "-v" "/var/lib/crater-agent-workspace/builds/worker-6/source:/opt/rustwide/workdir:ro,Z" "-v" "/var/lib/crater-agent-workspace/cargo-home:/opt/rustwide/cargo-home:ro,Z" "-v" "/var/lib/crater-agent-workspace/rustup-home:/opt/rustwide/rustup-home:ro,Z" "-e" "SOURCE_DIR=/opt/rustwide/workdir" "-e" "CARGO_TARGET_DIR=/opt/rustwide/target" "-e" "CARGO_INCREMENTAL=0" "-e" "RUST_BACKTRACE=full" "-e" "RUSTFLAGS=--cap-lints=forbid" "-e" "CARGO_HOME=/opt/rustwide/cargo-home" "-e" "RUSTUP_HOME=/opt/rustwide/rustup-home" "-w" "/opt/rustwide/workdir" "-m" "1610612736" "--user" "0:0" "--network" "none" "rustops/crates-build-env@sha256:d92eaeed33fa75130ca1ee6c8a01d1ffb62bac859dfdfb3450e3e5d1c0146529" "/opt/rustwide/cargo-home/bin/cargo" "+72f88fc4e9458f89516a0b8b0868f3718aec5b47" "check" "--frozen" "--all" "--all-targets" "--message-format=json", kill_on_drop: false }`
[INFO] [stdout] 2f58bc5602fd41f8f28fe8c1f0e911aa7ba4473c139dab9b01a1f8f8f32b469d
[INFO] [stderr] WARNING: Your kernel does not support swap limit capabilities or the cgroup is not mounted. Memory limited without swap.
[INFO] running `Command { std: "docker" "start" "-a" "2f58bc5602fd41f8f28fe8c1f0e911aa7ba4473c139dab9b01a1f8f8f32b469d", kill_on_drop: false }`
[INFO] [stderr]     Checking simulate v0.2.0 (/opt/rustwide/workdir)
[INFO] [stdout] error[E0412]: cannot find type `Simulator` in this scope
[INFO] [stdout]   --> src/lib.rs:17:29
[INFO] [stdout]    |
[INFO] [stdout] 17 |     I: IntoIterator<Item = <Simulator as any::Simulator>::Input>,
[INFO] [stdout]    |                             ^^^^^^^^^ not found in this scope
[INFO] [stdout]    |
[INFO] [stdout] help: consider importing this trait
[INFO] [stdout]    |
[INFO] [stdout] 5  | use crate::any::Simulator;
[INFO] [stdout]    |
[INFO] [stdout] 
[INFO] [stdout] 
[INFO] [stdout] error[E0433]: failed to resolve: use of undeclared type or module `Simulator`
[INFO] [stdout]   --> src/lib.rs:20:5
[INFO] [stdout]    |
[INFO] [stdout] 20 |     Simulator::handle(buf);
[INFO] [stdout]    |     ^^^^^^^^^ not found in this scope
[INFO] [stdout]    |
[INFO] [stdout] help: consider importing this trait
[INFO] [stdout]    |
[INFO] [stdout] 5  | use crate::any::Simulator;
[INFO] [stdout]    |
[INFO] [stdout] 
[INFO] [stdout] 
[INFO] [stdout] error[E0412]: cannot find type `Simulator` in this scope
[INFO] [stdout]   --> src/lib.rs:25:35
[INFO] [stdout]    |
[INFO] [stdout] 25 | pub fn key_press(key: impl Into<<<Simulator as any::Simulator>::Input as any::Input>::Key>) {
[INFO] [stdout]    |                                   ^^^^^^^^^ not found in this scope
[INFO] [stdout]    |
[INFO] [stdout] help: consider importing this trait
[INFO] [stdout]    |
[INFO] [stdout] 5  | use crate::any::Simulator;
[INFO] [stdout]    |
[INFO] [stdout] 
[INFO] [stdout] 
[INFO] [stdout] error[E0433]: failed to resolve: use of undeclared type or module `Simulator`
[INFO] [stdout]   --> src/lib.rs:26:5
[INFO] [stdout]    |
[INFO] [stdout] 26 |     Simulator::handle([<Simulator as any::Simulator>::Input::key_press(key)]);
[INFO] [stdout]    |     ^^^^^^^^^ not found in this scope
[INFO] [stdout]    |
[INFO] [stdout] help: consider importing this trait
[INFO] [stdout]    |
[INFO] [stdout] 5  | use crate::any::Simulator;
[INFO] [stdout]    |
[INFO] [stdout] 
[INFO] [stdout] 
[INFO] [stdout] error[E0412]: cannot find type `Simulator` in this scope
[INFO] [stdout]   --> src/lib.rs:26:25
[INFO] [stdout]    |
[INFO] [stdout] 26 |     Simulator::handle([<Simulator as any::Simulator>::Input::key_press(key)]);
[INFO] [stdout]    |                         ^^^^^^^^^ not found in this scope
[INFO] [stdout]    |
[INFO] [stdout] help: consider importing this trait
[INFO] [stdout]    |
[INFO] [stdout] 5  | use crate::any::Simulator;
[INFO] [stdout]    |
[INFO] [stdout] 
[INFO] [stdout] 
[INFO] [stdout] error[E0412]: cannot find type `Simulator` in this scope
[INFO] [stdout]   --> src/lib.rs:31:37
[INFO] [stdout]    |
[INFO] [stdout] 31 | pub fn key_release(key: impl Into<<<Simulator as any::Simulator>::Input as any::Input>::Key>) {
[INFO] [stdout]    |                                     ^^^^^^^^^ not found in this scope
[INFO] [stdout]    |
[INFO] [stdout] help: consider importing this trait
[INFO] [stdout]    |
[INFO] [stdout] 5  | use crate::any::Simulator;
[INFO] [stdout]    |
[INFO] [stdout] 
[INFO] [stdout] 
[INFO] [stdout] error[E0433]: failed to resolve: use of undeclared type or module `Simulator`
[INFO] [stdout]   --> src/lib.rs:32:5
[INFO] [stdout]    |
[INFO] [stdout] 32 |     Simulator::handle([<Simulator as any::Simulator>::Input::key_release(key)]);
[INFO] [stdout]    |     ^^^^^^^^^ not found in this scope
[INFO] [stdout]    |
[INFO] [stdout] help: consider importing this trait
[INFO] [stdout]    |
[INFO] [stdout] 5  | use crate::any::Simulator;
[INFO] [stdout]    |
[INFO] [stdout] 
[INFO] [stdout] 
[INFO] [stdout] error[E0412]: cannot find type `Simulator` in this scope
[INFO] [stdout]   --> src/lib.rs:32:25
[INFO] [stdout]    |
[INFO] [stdout] 32 |     Simulator::handle([<Simulator as any::Simulator>::Input::key_release(key)]);
[INFO] [stdout]    |                         ^^^^^^^^^ not found in this scope
[INFO] [stdout]    |
[INFO] [stdout] help: consider importing this trait
[INFO] [stdout]    |
[INFO] [stdout] 5  | use crate::any::Simulator;
[INFO] [stdout]    |
[INFO] [stdout] 
[INFO] [stdout] 
[INFO] [stdout] error[E0412]: cannot find type `Simulator` in this scope
[INFO] [stdout]   --> src/lib.rs:37:37
[INFO] [stdout]    |
[INFO] [stdout] 37 | pub fn key_trigger(key: impl Into<<<Simulator as any::Simulator>::Input as any::Input>::Key>) {
[INFO] [stdout]    |                                     ^^^^^^^^^ not found in this scope
[INFO] [stdout]    |
[INFO] [stdout] help: consider importing this trait
[INFO] [stdout]    |
[INFO] [stdout] 5  | use crate::any::Simulator;
[INFO] [stdout]    |
[INFO] [stdout] 
[INFO] [stdout] 
[INFO] [stdout] error[E0433]: failed to resolve: use of undeclared type or module `Simulator`
[INFO] [stdout]   --> src/lib.rs:39:5
[INFO] [stdout]    |
[INFO] [stdout] 39 |     Simulator::handle([
[INFO] [stdout]    |     ^^^^^^^^^ not found in this scope
[INFO] [stdout]    |
[INFO] [stdout] help: consider importing this trait
[INFO] [stdout]    |
[INFO] [stdout] 5  | use crate::any::Simulator;
[INFO] [stdout]    |
[INFO] [stdout] 
[INFO] [stdout] 
[INFO] [stdout] error[E0412]: cannot find type `Simulator` in this scope
[INFO] [stdout]   --> src/lib.rs:56:21
[INFO] [stdout]    |
[INFO] [stdout] 56 |     I::Item: Into<<<Simulator as any::Simulator>::Input as any::Input>::Key>,
[INFO] [stdout]    |                     ^^^^^^^^^ not found in this scope
[INFO] [stdout]    |
[INFO] [stdout] help: consider importing this trait
[INFO] [stdout]    |
[INFO] [stdout] 5  | use crate::any::Simulator;
[INFO] [stdout]    |
[INFO] [stdout] 
[INFO] [stdout] 
[INFO] [stdout] error[E0412]: cannot find type `Simulator` in this scope
[INFO] [stdout]   --> src/lib.rs:57:21
[INFO] [stdout]    |
[INFO] [stdout] 57 |     J::Item: Into<<<Simulator as any::Simulator>::Input as any::Input>::Key>,
[INFO] [stdout]    |                     ^^^^^^^^^ not found in this scope
[INFO] [stdout]    |
[INFO] [stdout] help: consider importing this trait
[INFO] [stdout]    |
[INFO] [stdout] 5  | use crate::any::Simulator;
[INFO] [stdout]    |
[INFO] [stdout] 
[INFO] [stdout] 
[INFO] [stdout] error[E0412]: cannot find type `Simulator` in this scope
[INFO] [stdout]   --> src/lib.rs:64:48
[INFO] [stdout]    |
[INFO] [stdout] 64 |     buffer.extend(modifiers.clone().map(|key| <Simulator as any::Simulator>::Input::key_press(key)));
[INFO] [stdout]    |                                                ^^^^^^^^^ not found in this scope
[INFO] [stdout]    |
[INFO] [stdout] help: consider importing this trait
[INFO] [stdout]    |
[INFO] [stdout] 5  | use crate::any::Simulator;
[INFO] [stdout]    |
[INFO] [stdout] 
[INFO] [stdout] 
[INFO] [stdout] error[E0412]: cannot find type `Simulator` in this scope
[INFO] [stdout]   --> src/lib.rs:71:46
[INFO] [stdout]    |
[INFO] [stdout] 71 |     buffer.extend(modifiers.rev().map(|key| <Simulator as any::Simulator>::Input::key_release(key)));
[INFO] [stdout]    |                                              ^^^^^^^^^ not found in this scope
[INFO] [stdout]    |
[INFO] [stdout] help: consider importing this trait
[INFO] [stdout]    |
[INFO] [stdout] 5  | use crate::any::Simulator;
[INFO] [stdout]    |
[INFO] [stdout] 
[INFO] [stdout] 
[INFO] [stdout] error[E0433]: failed to resolve: use of undeclared type or module `Simulator`
[INFO] [stdout]   --> src/lib.rs:73:5
[INFO] [stdout]    |
[INFO] [stdout] 73 |     Simulator::handle(buffer);
[INFO] [stdout]    |     ^^^^^^^^^ not found in this scope
[INFO] [stdout]    |
[INFO] [stdout] help: consider importing this trait
[INFO] [stdout]    |
[INFO] [stdout] 5  | use crate::any::Simulator;
[INFO] [stdout]    |
[INFO] [stdout] 
[INFO] [stdout] 
[INFO] [stdout] error[E0433]: failed to resolve: use of undeclared type or module `Simulator`
[INFO] [stdout]   --> src/lib.rs:79:5
[INFO] [stdout]    |
[INFO] [stdout] 79 |     Simulator::handle([
[INFO] [stdout]    |     ^^^^^^^^^ not found in this scope
[INFO] [stdout]    |
[INFO] [stdout] help: consider importing this trait
[INFO] [stdout]    |
[INFO] [stdout] 5  | use crate::any::Simulator;
[INFO] [stdout]    |
[INFO] [stdout] 
[INFO] [stdout] 
[INFO] [stdout] error[E0433]: failed to resolve: use of undeclared type or module `Simulator`
[INFO] [stdout]   --> src/lib.rs:94:5
[INFO] [stdout]    |
[INFO] [stdout] 94 |     Simulator::handle(buffer);
[INFO] [stdout]    |     ^^^^^^^^^ not found in this scope
[INFO] [stdout]    |
[INFO] [stdout] help: consider importing this trait
[INFO] [stdout]    |
[INFO] [stdout] 5  | use crate::any::Simulator;
[INFO] [stdout]    |
[INFO] [stdout] 
[INFO] [stdout] 
[INFO] [stdout] error[E0412]: cannot find type `Simulator` in this scope
[INFO] [stdout]   --> src/lib.rs:99:37
[INFO] [stdout]    |
[INFO] [stdout] 99 | pub fn mouse_press(btn: impl Into<<<Simulator as any::Simulator>::Input as any::Input>::Button>) {
[INFO] [stdout]    |                                     ^^^^^^^^^ not found in this scope
[INFO] [stdout]    |
[INFO] [stdout] help: consider importing this trait
[INFO] [stdout]    |
[INFO] [stdout] 5  | use crate::any::Simulator;
[INFO] [stdout]    |
[INFO] [stdout] 
[INFO] [stdout] 
[INFO] [stdout] error[E0433]: failed to resolve: use of undeclared type or module `Simulator`
[INFO] [stdout]    --> src/lib.rs:100:5
[INFO] [stdout]     |
[INFO] [stdout] 100 |     Simulator::handle([any::Input::mouse_press(btn)]);
[INFO] [stdout]     |     ^^^^^^^^^ not found in this scope
[INFO] [stdout]     |
[INFO] [stdout] help: consider importing this trait
[INFO] [stdout]     |
[INFO] [stdout] 5   | use crate::any::Simulator;
[INFO] [stdout]     |
[INFO] [stdout] 
[INFO] [stdout] 
[INFO] [stdout] error[E0412]: cannot find type `Simulator` in this scope
[INFO] [stdout]    --> src/lib.rs:105:39
[INFO] [stdout]     |
[INFO] [stdout] 105 | pub fn mouse_release(btn: impl Into<<<Simulator as any::Simulator>::Input as any::Input>::Button>) {
[INFO] [stdout]     |                                       ^^^^^^^^^ not found in this scope
[INFO] [stdout]     |
[INFO] [stdout] help: consider importing this trait
[INFO] [stdout]     |
[INFO] [stdout] 5   | use crate::any::Simulator;
[INFO] [stdout]     |
[INFO] [stdout] 
[INFO] [stdout] 
[INFO] [stdout] error[E0433]: failed to resolve: use of undeclared type or module `Simulator`
[INFO] [stdout]    --> src/lib.rs:106:5
[INFO] [stdout]     |
[INFO] [stdout] 106 |     Simulator::handle([any::Input::mouse_release(btn)]);
[INFO] [stdout]     |     ^^^^^^^^^ not found in this scope
[INFO] [stdout]     |
[INFO] [stdout] help: consider importing this trait
[INFO] [stdout]     |
[INFO] [stdout] 5   | use crate::any::Simulator;
[INFO] [stdout]     |
[INFO] [stdout] 
[INFO] [stdout] 
[INFO] [stdout] error[E0412]: cannot find type `Simulator` in this scope
[INFO] [stdout]    --> src/lib.rs:111:39
[INFO] [stdout]     |
[INFO] [stdout] 111 | pub fn mouse_trigger(btn: impl Into<<<Simulator as any::Simulator>::Input as any::Input>::Button>) {
[INFO] [stdout]     |                                       ^^^^^^^^^ not found in this scope
[INFO] [stdout]     |
[INFO] [stdout] help: consider importing this trait
[INFO] [stdout]     |
[INFO] [stdout] 5   | use crate::any::Simulator;
[INFO] [stdout]     |
[INFO] [stdout] 
[INFO] [stdout] 
[INFO] [stdout] error[E0433]: failed to resolve: use of undeclared type or module `Simulator`
[INFO] [stdout]    --> src/lib.rs:113:5
[INFO] [stdout]     |
[INFO] [stdout] 113 |     Simulator::handle([
[INFO] [stdout]     |     ^^^^^^^^^ not found in this scope
[INFO] [stdout]     |
[INFO] [stdout] help: consider importing this trait
[INFO] [stdout]     |
[INFO] [stdout] 5   | use crate::any::Simulator;
[INFO] [stdout]     |
[INFO] [stdout] 
[INFO] [stdout] 
[INFO] [stdout] error[E0433]: failed to resolve: use of undeclared type or module `Simulator`
[INFO] [stdout]    --> src/lib.rs:122:5
[INFO] [stdout]     |
[INFO] [stdout] 122 |     Simulator::handle([any::Input::mouse_wheel(amount)]);
[INFO] [stdout]     |     ^^^^^^^^^ not found in this scope
[INFO] [stdout]     |
[INFO] [stdout] help: consider importing this trait
[INFO] [stdout]     |
[INFO] [stdout] 5   | use crate::any::Simulator;
[INFO] [stdout]     |
[INFO] [stdout] 
[INFO] [stdout] 
[INFO] [stdout] error[E0433]: failed to resolve: use of undeclared type or module `Simulator`
[INFO] [stdout]    --> src/lib.rs:128:5
[INFO] [stdout]     |
[INFO] [stdout] 128 |     Simulator::handle([any::Input::mouse_wheel_horizontal(amount)]);
[INFO] [stdout]     |     ^^^^^^^^^ not found in this scope
[INFO] [stdout]     |
[INFO] [stdout] help: consider importing this trait
[INFO] [stdout]     |
[INFO] [stdout] 5   | use crate::any::Simulator;
[INFO] [stdout]     |
[INFO] [stdout] 
[INFO] [stdout] 
[INFO] [stdout] error[E0433]: failed to resolve: use of undeclared type or module `Simulator`
[INFO] [stdout]    --> src/lib.rs:134:5
[INFO] [stdout]     |
[INFO] [stdout] 134 |     Simulator::handle([any::Input::mouse_move_absolute(x, y)]);
[INFO] [stdout]     |     ^^^^^^^^^ not found in this scope
[INFO] [stdout]     |
[INFO] [stdout] help: consider importing this trait
[INFO] [stdout]     |
[INFO] [stdout] 5   | use crate::any::Simulator;
[INFO] [stdout]     |
[INFO] [stdout] 
[INFO] [stdout] 
[INFO] [stdout] error[E0433]: failed to resolve: use of undeclared type or module `Simulator`
[INFO] [stdout]    --> src/lib.rs:140:5
[INFO] [stdout]     |
[INFO] [stdout] 140 |     Simulator::handle([any::Input::mouse_move(dx, dy)]);
[INFO] [stdout]     |     ^^^^^^^^^ not found in this scope
[INFO] [stdout]     |
[INFO] [stdout] help: consider importing this trait
[INFO] [stdout]     |
[INFO] [stdout] 5   | use crate::any::Simulator;
[INFO] [stdout]     |
[INFO] [stdout] 
[INFO] [stdout] 
[INFO] [stdout] error[E0412]: cannot find type `Simulator` in this scope
[INFO] [stdout]   --> src/lib.rs:17:29
[INFO] [stdout]    |
[INFO] [stdout] 17 |     I: IntoIterator<Item = <Simulator as any::Simulator>::Input>,
[INFO] [stdout]    |                             ^^^^^^^^^ not found in this scope
[INFO] [stdout]    |
[INFO] [stdout] help: consider importing this trait
[INFO] [stdout]    |
[INFO] [stdout] 5  | use crate::any::Simulator;
[INFO] [stdout]    |
[INFO] [stdout] 
[INFO] [stdout] 
[INFO] [stdout] error[E0433]: failed to resolve: use of undeclared type or module `Simulator`
[INFO] [stdout]   --> src/lib.rs:20:5
[INFO] [stdout]    |
[INFO] [stdout] 20 |     Simulator::handle(buf);
[INFO] [stdout]    |     ^^^^^^^^^ not found in this scope
[INFO] [stdout]    |
[INFO] [stdout] help: consider importing this trait
[INFO] [stdout]    |
[INFO] [stdout] 5  | use crate::any::Simulator;
[INFO] [stdout]    |
[INFO] [stdout] 
[INFO] [stdout] 
[INFO] [stdout] warning: unused import: `any::Simulator as _`
[INFO] [stdout]   --> src/lib.rs:11:5
[INFO] [stdout]    |
[INFO] [stdout] 11 | use any::Simulator as _;
[INFO] [stdout]    |     ^^^^^^^^^^^^^^^^^^^
[INFO] [stdout]    |
[INFO] [stdout]    = note: `#[warn(unused_imports)]` on by default
[INFO] [stdout] 
[INFO] [stdout] 
[INFO] [stdout] error[E0412]: cannot find type `Simulator` in this scope
[INFO] [stdout]   --> src/lib.rs:25:35
[INFO] [stdout]    |
[INFO] [stdout] 25 | pub fn key_press(key: impl Into<<<Simulator as any::Simulator>::Input as any::Input>::Key>) {
[INFO] [stdout]    |                                   ^^^^^^^^^ not found in this scope
[INFO] [stdout]    |
[INFO] [stdout] help: consider importing this trait
[INFO] [stdout]    |
[INFO] [stdout] 5  | use crate::any::Simulator;
[INFO] [stdout]    |
[INFO] [stdout] 
[INFO] [stdout] 
[INFO] [stdout] error[E0433]: failed to resolve: use of undeclared type or module `Simulator`
[INFO] [stdout]   --> src/lib.rs:26:5
[INFO] [stdout]    |
[INFO] [stdout] 26 |     Simulator::handle([<Simulator as any::Simulator>::Input::key_press(key)]);
[INFO] [stdout]    |     ^^^^^^^^^ not found in this scope
[INFO] [stdout]    |
[INFO] [stdout] help: consider importing this trait
[INFO] [stdout]    |
[INFO] [stdout] 5  | use crate::any::Simulator;
[INFO] [stdout]    |
[INFO] [stdout] 
[INFO] [stdout] 
[INFO] [stdout] error[E0412]: cannot find type `Simulator` in this scope
[INFO] [stdout]   --> src/lib.rs:26:25
[INFO] [stdout]    |
[INFO] [stdout] 26 |     Simulator::handle([<Simulator as any::Simulator>::Input::key_press(key)]);
[INFO] [stdout]    |                         ^^^^^^^^^ not found in this scope
[INFO] [stdout]    |
[INFO] [stdout] help: consider importing this trait
[INFO] [stdout]    |
[INFO] [stdout] 5  | use crate::any::Simulator;
[INFO] [stdout]    |
[INFO] [stdout] 
[INFO] [stdout] 
[INFO] [stdout] error[E0412]: cannot find type `Simulator` in this scope
[INFO] [stdout]   --> src/lib.rs:31:37
[INFO] [stdout]    |
[INFO] [stdout] 31 | pub fn key_release(key: impl Into<<<Simulator as any::Simulator>::Input as any::Input>::Key>) {
[INFO] [stdout]    |                                     ^^^^^^^^^ not found in this scope
[INFO] [stdout]    |
[INFO] [stdout] help: consider importing this trait
[INFO] [stdout]    |
[INFO] [stdout] 5  | use crate::any::Simulator;
[INFO] [stdout]    |
[INFO] [stdout] 
[INFO] [stdout] 
[INFO] [stdout] error[E0433]: failed to resolve: use of undeclared type or module `Simulator`
[INFO] [stdout]   --> src/lib.rs:32:5
[INFO] [stdout]    |
[INFO] [stdout] 32 |     Simulator::handle([<Simulator as any::Simulator>::Input::key_release(key)]);
[INFO] [stdout]    |     ^^^^^^^^^ not found in this scope
[INFO] [stdout]    |
[INFO] [stdout] help: consider importing this trait
[INFO] [stdout]    |
[INFO] [stdout] 5  | use crate::any::Simulator;
[INFO] [stdout]    |
[INFO] [stdout] 
[INFO] [stdout] 
[INFO] [stdout] error[E0412]: cannot find type `Simulator` in this scope
[INFO] [stdout]   --> src/lib.rs:32:25
[INFO] [stdout]    |
[INFO] [stdout] 32 |     Simulator::handle([<Simulator as any::Simulator>::Input::key_release(key)]);
[INFO] [stdout]    |                         ^^^^^^^^^ not found in this scope
[INFO] [stdout]    |
[INFO] [stdout] help: consider importing this trait
[INFO] [stdout]    |
[INFO] [stdout] 5  | use crate::any::Simulator;
[INFO] [stdout]    |
[INFO] [stdout] 
[INFO] [stdout] 
[INFO] [stdout] error[E0412]: cannot find type `Simulator` in this scope
[INFO] [stdout]   --> src/lib.rs:37:37
[INFO] [stdout]    |
[INFO] [stdout] 37 | pub fn key_trigger(key: impl Into<<<Simulator as any::Simulator>::Input as any::Input>::Key>) {
[INFO] [stdout]    |                                     ^^^^^^^^^ not found in this scope
[INFO] [stdout]    |
[INFO] [stdout] help: consider importing this trait
[INFO] [stdout]    |
[INFO] [stdout] 5  | use crate::any::Simulator;
[INFO] [stdout]    |
[INFO] [stdout] 
[INFO] [stdout] 
[INFO] [stdout] error[E0433]: failed to resolve: use of undeclared type or module `Simulator`
[INFO] [stdout]   --> src/lib.rs:39:5
[INFO] [stdout]    |
[INFO] [stdout] 39 |     Simulator::handle([
[INFO] [stdout]    |     ^^^^^^^^^ not found in this scope
[INFO] [stdout]    |
[INFO] [stdout] help: consider importing this trait
[INFO] [stdout]    |
[INFO] [stdout] 5  | use crate::any::Simulator;
[INFO] [stdout]    |
[INFO] [stdout] 
[INFO] [stdout] 
[INFO] [stdout] error[E0412]: cannot find type `Simulator` in this scope
[INFO] [stdout]   --> src/lib.rs:56:21
[INFO] [stdout]    |
[INFO] [stdout] 56 |     I::Item: Into<<<Simulator as any::Simulator>::Input as any::Input>::Key>,
[INFO] [stdout]    |                     ^^^^^^^^^ not found in this scope
[INFO] [stdout]    |
[INFO] [stdout] help: consider importing this trait
[INFO] [stdout]    |
[INFO] [stdout] 5  | use crate::any::Simulator;
[INFO] [stdout]    |
[INFO] [stdout] 
[INFO] [stdout] 
[INFO] [stdout] error[E0412]: cannot find type `Simulator` in this scope
[INFO] [stdout]   --> src/lib.rs:57:21
[INFO] [stdout]    |
[INFO] [stdout] 57 |     J::Item: Into<<<Simulator as any::Simulator>::Input as any::Input>::Key>,
[INFO] [stdout]    |                     ^^^^^^^^^ not found in this scope
[INFO] [stdout]    |
[INFO] [stdout] help: consider importing this trait
[INFO] [stdout]    |
[INFO] [stdout] 5  | use crate::any::Simulator;
[INFO] [stdout]    |
[INFO] [stdout] 
[INFO] [stdout] 
[INFO] [stdout] error[E0412]: cannot find type `Simulator` in this scope
[INFO] [stdout]   --> src/lib.rs:64:48
[INFO] [stdout]    |
[INFO] [stdout] 64 |     buffer.extend(modifiers.clone().map(|key| <Simulator as any::Simulator>::Input::key_press(key)));
[INFO] [stdout]    |                                                ^^^^^^^^^ not found in this scope
[INFO] [stdout]    |
[INFO] [stdout] help: consider importing this trait
[INFO] [stdout]    |
[INFO] [stdout] 5  | use crate::any::Simulator;
[INFO] [stdout]    |
[INFO] [stdout] 
[INFO] [stdout] 
[INFO] [stdout] error[E0412]: cannot find type `Simulator` in this scope
[INFO] [stdout]   --> src/lib.rs:71:46
[INFO] [stdout]    |
[INFO] [stdout] 71 |     buffer.extend(modifiers.rev().map(|key| <Simulator as any::Simulator>::Input::key_release(key)));
[INFO] [stdout]    |                                              ^^^^^^^^^ not found in this scope
[INFO] [stdout]    |
[INFO] [stdout] help: consider importing this trait
[INFO] [stdout]    |
[INFO] [stdout] 5  | use crate::any::Simulator;
[INFO] [stdout]    |
[INFO] [stdout] 
[INFO] [stdout] 
[INFO] [stdout] error[E0433]: failed to resolve: use of undeclared type or module `Simulator`
[INFO] [stdout]   --> src/lib.rs:73:5
[INFO] [stdout]    |
[INFO] [stdout] 73 |     Simulator::handle(buffer);
[INFO] [stdout]    |     ^^^^^^^^^ not found in this scope
[INFO] [stdout]    |
[INFO] [stdout] help: consider importing this trait
[INFO] [stdout]    |
[INFO] [stdout] 5  | use crate::any::Simulator;
[INFO] [stdout]    |
[INFO] [stdout] 
[INFO] [stdout] 
[INFO] [stdout] error[E0433]: failed to resolve: use of undeclared type or module `Simulator`
[INFO] [stdout]   --> src/lib.rs:79:5
[INFO] [stdout]    |
[INFO] [stdout] 79 |     Simulator::handle([
[INFO] [stdout]    |     ^^^^^^^^^ not found in this scope
[INFO] [stdout]    |
[INFO] [stdout] help: consider importing this trait
[INFO] [stdout]    |
[INFO] [stdout] 5  | use crate::any::Simulator;
[INFO] [stdout]    |
[INFO] [stdout] 
[INFO] [stdout] 
[INFO] [stdout] error[E0433]: failed to resolve: use of undeclared type or module `Simulator`
[INFO] [stdout]   --> src/lib.rs:94:5
[INFO] [stdout]    |
[INFO] [stdout] 94 |     Simulator::handle(buffer);
[INFO] [stdout]    |     ^^^^^^^^^ not found in this scope
[INFO] [stdout]    |
[INFO] [stdout] help: consider importing this trait
[INFO] [stdout]    |
[INFO] [stdout] 5  | use crate::any::Simulator;
[INFO] [stdout]    |
[INFO] [stdout] 
[INFO] [stdout] 
[INFO] [stdout] error[E0412]: cannot find type `Simulator` in this scope
[INFO] [stdout]   --> src/lib.rs:99:37
[INFO] [stdout]    |
[INFO] [stdout] 99 | pub fn mouse_press(btn: impl Into<<<Simulator as any::Simulator>::Input as any::Input>::Button>) {
[INFO] [stdout]    |                                     ^^^^^^^^^ not found in this scope
[INFO] [stdout]    |
[INFO] [stdout] help: consider importing this trait
[INFO] [stdout]    |
[INFO] [stdout] 5  | use crate::any::Simulator;
[INFO] [stdout]    |
[INFO] [stdout] 
[INFO] [stdout] 
[INFO] [stdout] error[E0433]: failed to resolve: use of undeclared type or module `Simulator`
[INFO] [stdout]    --> src/lib.rs:100:5
[INFO] [stdout]     |
[INFO] [stdout] 100 |     Simulator::handle([any::Input::mouse_press(btn)]);
[INFO] [stdout]     |     ^^^^^^^^^ not found in this scope
[INFO] [stdout]     |
[INFO] [stdout] help: consider importing this trait
[INFO] [stdout]     |
[INFO] [stdout] 5   | use crate::any::Simulator;
[INFO] [stdout]     |
[INFO] [stdout] 
[INFO] [stdout] 
[INFO] [stdout] error[E0412]: cannot find type `Simulator` in this scope
[INFO] [stdout]    --> src/lib.rs:105:39
[INFO] [stdout]     |
[INFO] [stdout] 105 | pub fn mouse_release(btn: impl Into<<<Simulator as any::Simulator>::Input as any::Input>::Button>) {
[INFO] [stdout]     |                                       ^^^^^^^^^ not found in this scope
[INFO] [stdout]     |
[INFO] [stdout] help: consider importing this trait
[INFO] [stdout]     |
[INFO] [stdout] 5   | use crate::any::Simulator;
[INFO] [stdout]     |
[INFO] [stdout] 
[INFO] [stdout] 
[INFO] [stdout] error[E0433]: failed to resolve: use of undeclared type or module `Simulator`
[INFO] [stdout]    --> src/lib.rs:106:5
[INFO] [stdout]     |
[INFO] [stdout] 106 |     Simulator::handle([any::Input::mouse_release(btn)]);
[INFO] [stdout]     |     ^^^^^^^^^ not found in this scope
[INFO] [stdout]     |
[INFO] [stdout] help: consider importing this trait
[INFO] [stdout]     |
[INFO] [stdout] 5   | use crate::any::Simulator;
[INFO] [stdout]     |
[INFO] [stdout] 
[INFO] [stdout] 
[INFO] [stdout] error[E0412]: cannot find type `Simulator` in this scope
[INFO] [stdout]    --> src/lib.rs:111:39
[INFO] [stdout]     |
[INFO] [stdout] 111 | pub fn mouse_trigger(btn: impl Into<<<Simulator as any::Simulator>::Input as any::Input>::Button>) {
[INFO] [stdout]     |                                       ^^^^^^^^^ not found in this scope
[INFO] [stdout]     |
[INFO] [stdout] help: consider importing this trait
[INFO] [stdout]     |
[INFO] [stdout] 5   | use crate::any::Simulator;
[INFO] [stdout]     |
[INFO] [stdout] 
[INFO] [stdout] 
[INFO] [stdout] error[E0433]: failed to resolve: use of undeclared type or module `Simulator`
[INFO] [stdout]    --> src/lib.rs:113:5
[INFO] [stdout]     |
[INFO] [stdout] 113 |     Simulator::handle([
[INFO] [stdout]     |     ^^^^^^^^^ not found in this scope
[INFO] [stdout]     |
[INFO] [stdout] help: consider importing this trait
[INFO] [stdout]     |
[INFO] [stdout] 5   | use crate::any::Simulator;
[INFO] [stdout]     |
[INFO] [stdout] 
[INFO] [stdout] 
[INFO] [stdout] error[E0433]: failed to resolve: use of undeclared type or module `Simulator`
[INFO] [stdout]    --> src/lib.rs:122:5
[INFO] [stdout]     |
[INFO] [stdout] 122 |     Simulator::handle([any::Input::mouse_wheel(amount)]);
[INFO] [stdout]     |     ^^^^^^^^^ not found in this scope
[INFO] [stdout]     |
[INFO] [stdout] help: consider importing this trait
[INFO] [stdout]     |
[INFO] [stdout] 5   | use crate::any::Simulator;
[INFO] [stdout]     |
[INFO] [stdout] 
[INFO] [stdout] 
[INFO] [stdout] error[E0433]: failed to resolve: use of undeclared type or module `Simulator`
[INFO] [stdout]    --> src/lib.rs:128:5
[INFO] [stdout]     |
[INFO] [stdout] 128 |     Simulator::handle([any::Input::mouse_wheel_horizontal(amount)]);
[INFO] [stdout]     |     ^^^^^^^^^ not found in this scope
[INFO] [stdout]     |
[INFO] [stdout] help: consider importing this trait
[INFO] [stdout]     |
[INFO] [stdout] 5   | use crate::any::Simulator;
[INFO] [stdout]     |
[INFO] [stdout] 
[INFO] [stdout] 
[INFO] [stdout] error[E0433]: failed to resolve: use of undeclared type or module `Simulator`
[INFO] [stdout]    --> src/lib.rs:134:5
[INFO] [stdout]     |
[INFO] [stdout] 134 |     Simulator::handle([any::Input::mouse_move_absolute(x, y)]);
[INFO] [stdout]     |     ^^^^^^^^^ not found in this scope
[INFO] [stdout]     |
[INFO] [stdout] help: consider importing this trait
[INFO] [stdout]     |
[INFO] [stdout] 5   | use crate::any::Simulator;
[INFO] [stdout]     |
[INFO] [stdout] 
[INFO] [stdout] 
[INFO] [stdout] error[E0433]: failed to resolve: use of undeclared type or module `Simulator`
[INFO] [stdout]    --> src/lib.rs:140:5
[INFO] [stdout]     |
[INFO] [stdout] 140 |     Simulator::handle([any::Input::mouse_move(dx, dy)]);
[INFO] [stdout]     |     ^^^^^^^^^ not found in this scope
[INFO] [stdout]     |
[INFO] [stdout] help: consider importing this trait
[INFO] [stdout]     |
[INFO] [stdout] 5   | use crate::any::Simulator;
[INFO] [stdout]     |
[INFO] [stdout] 
[INFO] [stdout] 
[INFO] [stdout] warning: unused import: `any::Simulator as _`
[INFO] [stdout]   --> src/lib.rs:11:5
[INFO] [stdout]    |
[INFO] [stdout] 11 | use any::Simulator as _;
[INFO] [stdout]    |     ^^^^^^^^^^^^^^^^^^^
[INFO] [stdout]    |
[INFO] [stdout]    = note: `#[warn(unused_imports)]` on by default
[INFO] [stdout] 
[INFO] [stdout] 
[INFO] [stdout] warning: unused import: `any::Input`
[INFO] [stdout]   --> src/lib.rs:12:5
[INFO] [stdout]    |
[INFO] [stdout] 12 | use any::Input as _;
[INFO] [stdout]    |     ^^^^^^^^^^
[INFO] [stdout] 
[INFO] [stdout] 
[INFO] [stdout] error: aborting due to 27 previous errors; 2 warnings emitted
[INFO] [stdout] 
[INFO] [stdout] 
[INFO] [stdout] Some errors have detailed explanations: E0412, E0433.
[INFO] [stdout] 
[INFO] [stdout] For more information about an error, try `rustc --explain E0412`.
[INFO] [stdout] 
[INFO] [stderr] error: could not compile `simulate`.
[INFO] [stderr] 
[INFO] [stderr] To learn more, run the command again with --verbose.
[INFO] [stderr] warning: build failed, waiting for other jobs to finish...
[INFO] [stdout] warning: unused import: `any::Input`
[INFO] [stdout]   --> src/lib.rs:12:5
[INFO] [stdout]    |
[INFO] [stdout] 12 | use any::Input as _;
[INFO] [stdout]    |     ^^^^^^^^^^
[INFO] [stdout] 
[INFO] [stdout] 
[INFO] [stdout] error: aborting due to 27 previous errors; 2 warnings emitted
[INFO] [stdout] 
[INFO] [stdout] 
[INFO] [stdout] Some errors have detailed explanations: E0412, E0433.
[INFO] [stdout] 
[INFO] [stdout] For more information about an error, try `rustc --explain E0412`.
[INFO] [stdout] 
[INFO] [stderr] error: build failed
[INFO] running `Command { std: "docker" "inspect" "2f58bc5602fd41f8f28fe8c1f0e911aa7ba4473c139dab9b01a1f8f8f32b469d", kill_on_drop: false }`
[INFO] running `Command { std: "docker" "rm" "-f" "2f58bc5602fd41f8f28fe8c1f0e911aa7ba4473c139dab9b01a1f8f8f32b469d", kill_on_drop: false }`
[INFO] [stdout] 2f58bc5602fd41f8f28fe8c1f0e911aa7ba4473c139dab9b01a1f8f8f32b469d
